{"id":1297,"date":"2025-05-10T23:39:16","date_gmt":"2025-05-10T21:39:16","guid":{"rendered":"https:\/\/hoerder-zierfischparadies.de\/landing\/?page_id=1297"},"modified":"2025-05-11T16:40:50","modified_gmt":"2025-05-11T14:40:50","slug":"garnelen","status":"publish","type":"page","link":"https:\/\/hoerder-zierfischparadies.de\/landing\/garnelen\/","title":{"rendered":"GARNELEN"},"content":{"rendered":"\n<p>Zwerggarnelen &amp; Amanogarnelen \u2013 Kleine Helfer mit gro\u00dfer Wirkung<\/p>\n\n\n\n<p>Du suchst nach faszinierenden Mitbewohnern f\u00fcr dein Aquarium, die nicht nur sch\u00f6n anzusehen sind, sondern auch n\u00fctzlich? Zwerggarnelen und Amanogarnelen sind echte Multitalente: Sie bringen Leben ins Becken, sorgen f\u00fcr nat\u00fcrliche Bewegung \u2013 und helfen ganz nebenbei bei der Algenkontrolle und dem Abbau organischer Reste.<\/p>\n\n\n\n<p>Ob farbenfrohe Neocaridina-Zwerggarnelen oder die beliebten Amanogarnelen \u2013 bei uns findest du robuste, gesunde Tiere aus bew\u00e4hrten Quellen. Wir beraten dich gerne zur passenden Beckengr\u00f6\u00dfe, Vergesellschaftung und zur optimalen Einrichtung f\u00fcr deine Garnelenwelt.<\/p>\n\n\n\n<p>Du willst wissen, welche Arten wir aktuell im Laden haben oder brauchst Tipps zur Haltung?<\/p>\n\n\n\n<p>Dann ruf uns an \u2013 wir helfen dir gern pers\u00f6nlich weiter:<\/p>\n","protected":false},"excerpt":{"rendered":"<p>Zwerggarnelen &amp; Amanogarnelen \u2013 Kleine Helfer mit gro\u00dfer Wirkung Du suchst nach faszinierenden Mitbewohnern f\u00fcr dein Aquarium, die nicht nur sch\u00f6n anzusehen sind, sondern auch n\u00fctzlich? Zwerggarnelen und Amanogarnelen sind echte Multitalente: Sie bringen Leben ins Becken, sorgen f\u00fcr nat\u00fcrliche Bewegung \u2013 und helfen ganz nebenbei bei der Algenkontrolle und dem Abbau organischer Reste. Ob&hellip;&nbsp;<a href=\"https:\/\/hoerder-zierfischparadies.de\/landing\/garnelen\/\" rel=\"bookmark\">Weiterlesen &raquo;<span class=\"screen-reader-text\">GARNELEN<\/span><\/a><\/p>\n","protected":false},"author":3,"featured_media":0,"parent":0,"menu_order":0,"comment_status":"closed","ping_status":"closed","template":"","meta":{"neve_meta_sidebar":"","neve_meta_container":"","neve_meta_enable_content_width":"","neve_meta_content_width":0,"neve_meta_title_alignment":"","neve_meta_author_avatar":"","neve_post_elements_order":"","neve_meta_disable_header":"","neve_meta_disable_footer":"","neve_meta_disable_title":"","footnotes":""},"class_list":["post-1297","page","type-page","status-publish","hentry"],"_links":{"self":[{"href":"https:\/\/hoerder-zierfischparadies.de\/landing\/wp-json\/wp\/v2\/pages\/1297","targetHints":{"allow":["GET"]}}],"collection":[{"href":"https:\/\/hoerder-zierfischparadies.de\/landing\/wp-json\/wp\/v2\/pages"}],"about":[{"href":"https:\/\/hoerder-zierfischparadies.de\/landing\/wp-json\/wp\/v2\/types\/page"}],"author":[{"embeddable":true,"href":"https:\/\/hoerder-zierfischparadies.de\/landing\/wp-json\/wp\/v2\/users\/3"}],"replies":[{"embeddable":true,"href":"https:\/\/hoerder-zierfischparadies.de\/landing\/wp-json\/wp\/v2\/comments?post=1297"}],"version-history":[{"count":2,"href":"https:\/\/hoerder-zierfischparadies.de\/landing\/wp-json\/wp\/v2\/pages\/1297\/revisions"}],"predecessor-version":[{"id":1402,"href":"https:\/\/hoerder-zierfischparadies.de\/landing\/wp-json\/wp\/v2\/pages\/1297\/revisions\/1402"}],"wp:attachment":[{"href":"https:\/\/hoerder-zierfischparadies.de\/landing\/wp-json\/wp\/v2\/media?parent=1297"}],"curies":[{"name":"wp","href":"https:\/\/api.w.org\/{rel}","templated":true}]}}